x**3 + 7*x**2 + 4*x - 8. Let l be w(-6). Suppose -7 = -l*m + 9. What is the greatest common factor of 20 and m?
4
Suppose -3*w + 5*w = 180. What is the highest common factor of 60 and w?
30
Let k = -64 + 20. Let i = 5 - k. Let g be 2 + (0 - -1) + i. Calculate the greatest common divisor of g and 13.
13
Suppose -4*g + 8 + 12 = 0. Let x be g/15*(16 + -1). Suppose -f - s - 2 = -3, 0 = f + x*s + 7. Calculate the highest common divisor of f and 3.
3
Let n(r) = -r + 3. Let o be n(3). Suppose o = -2*z - z + 108. Let y(d) = 8*d + 1. Let f be y(1). What is the highest common factor of z and f?
9
Suppose 0 = 5*x + 5*w - 70, 2*x + 47 = 5*x + 4*w. Let k = 39 - x. Calculate the greatest common factor of 6 and k.
6
Let j = -13 - -18. Let g(s) = -14*s**2. Let c(y) = 7*y**2. Let p(o) = j*c(o) + 2*g(o). Let l be p(1). Calculate the greatest common factor of 7 and l.
7
Suppose 8 = b - 12. What is the highest common factor of 8 and b?
4
Suppose 87 = 4*b + 3. Calculate the greatest common factor of 168 and b.
21
Let g(i) = 7*i - 3*i + 4 - 5*i. Let n be g(3). Calculate the greatest common factor of n and 4.
1
Let a be (-22)/((-50)/12 + 13 + -9). Calculate the greatest common divisor of a and 12.
12
Suppose 0 = 4*f + 20, 5*f = -6*a + 4*a - 19. Suppose 2*v + 15 = a*v. Calculate the greatest common factor of v and 6.
3
Let o = -11 + 7. Let b be ((-168)/(-35))/(o/(-70)). Calculate the greatest common divisor of b and 12.
12
Let c = 10 - 6. What is the greatest common factor of 1 and c?
1
Let n be (9/2)/((-12)/(-72)). Calculate the greatest common factor of 297 and n.
27
Let p = 1436 + -2381. Let c = -19 + 13. Let y be -2*(p/c)/(-3). What is the greatest common divisor of 15 and y?
15
Let j = 0 - -2. Let x = 4 - j. Suppose 2*r - 5*r = p - 11, -5*r + 5*p + 25 = 0. What is the greatest common factor of r and x?
2
Let v be 3 - 2 - (-118)/2. Let y be ((-1)/2)/((-1)/4). Suppose 2*b = -y*b + 60. What is the highest common factor of b and v?
15
Suppose 28 = 4*o - 0*o. What is the greatest common factor of 1 and o?
1
Let y = 7 + 48. What is the highest common factor of 11 and y?
11
Suppose 6*c - 8*c = -3*t + 8, t - c - 2 = 0. Let o be ((-4)/10)/((-1)/30). What is the greatest common divisor of t and o?
4
Suppose -2*o + 59 = 17. Calculate the greatest common factor of o and 21.
21
Let y = -51 - -75. Suppose 4*j - 2*j - 8 = 0. Suppose j*x = -5*w + 56, -3*w + 6*w + 5*x = 44. What is the highest common factor of w and y?
8
Let u = 0 + 10. What is the highest common factor of u and 20?
10
Let t = 10 + -2. Suppose -4*a = 5*h - 72, 4*h - 3*h - 56 = -4*a. Suppose -a - 3 = -2*q. Calculate the greatest common factor of q and t.
8
Let q(u) = -u + 14 + u**2 + 2*u - u**3 + 0*u + u. Let f be q(0). Calculate the highest common divisor of f and 112.
14
Let k be 315/6*(-16)/(-12). What is the highest common divisor of 10 and k?
10
Let b(h) = 7*h**2 - 12*h - 16. Let q be b(-2). What is the greatest common factor of q and 9?
9
Let r(t) = t**2 - 13. Let p be r(0). Let b = -8 - p. Calculate the highest common divisor of 2 and b.
1
Let i be 12/(-8)*(-20)/6. What is the greatest common factor of i and 20?
5
Suppose 0 = -3*i + 3*d - d + 118, 0 = 4*i - 5*d - 155. What is the highest common factor of 8 and i?
8
Let y(n) = -65*n**2 + 2*n + 1. Let l be y(-2). Let s = -153 - l. Suppose -3*q + 14 + 16 = 0. Calculate the highest common factor of q and s.
10
Suppose f - 11 = 35. Calculate the greatest common factor of 69 and f.
23
Suppose 32 = 2*y - c, -y + 5*c + 14 + 11 = 0. Let m = y + -2. What is the highest common factor of 91 and m?
13
Let k = 0 - -5. Suppose -2*i - 2*i + c = -150, -k*i + 5*c = -180. Let j = -15 + 34. What is the highest common factor of j and i?
19
Let u be (4 - 5) + 30 + 1. What is the greatest common divisor of 75 and u?
15
Let p = 0 + 2. Suppose -4*o + p = -10. Suppose -b - 8 = -o*b. Calculate the greatest common divisor of 6 and b.
2
Let h = -19 - -43. What is the highest common divisor of h and 72?
24
Let z(y) = -24*y - 7. Let u be z(6). Let t = u - -338. What is the highest common factor of 17 and t?
17
Suppose -5*t + 3*c = 5*c + 27, 0 = t - c + 4. Let i = 12 + t. Suppose 0*l = 3*l - 189. What is the highest common divisor of l and i?
7
Suppose 8*h - 360 = 3*h. Let q(a) = a**2 + 2*a - 6. Let x be q(-5). Calculate the greatest common divisor of x and h.
9
Suppose -52 = -5*j + 38. Suppose -g + 49 = -4*n, 4*g = 6*n - n + 185. Calculate the highest common divisor of j and g.
9
Suppose -188 = -5*z + 97. Let f = 91 - z. Let n(a) = 10*a - 5. Let o be n(9). What is the highest common divisor of f and o?
17
Suppose 3*p = -2*s + 1 + 5, 5*p = 2*s - 6. Suppose -3*m + 0*m + 24 = p. Suppose -16 = 3*c - 5*c. Calculate the highest common factor of m and c.
8
Suppose 6*f + 840 = 11*f. Calculate the highest common factor of 24 and f.
24
Suppose 0 = i + 2, -5*a - 2*i + 21 = 0. Calculate the greatest common divisor of a and 55.
5
Let u(x) = 0*x**2 - 4 - 2*x + 7*x**2 + 2 - x**3. Let q be u(3). Suppose 4*g = a - q, 0 = -4*g - 3 - 9. Calculate the greatest common divisor of 40 and a.
8
Let h = 5 + -9. Let p(s) = -2*s**3 - 5*s**2 - 5*s - 2. Let a be p(h). Let v = a + -21. Calculate the highest common factor of 9 and v.
9
Let v(s) = s**2 + 10*s + 2. Suppose 9 = -3*d, -4*g - 5*d - 9 = 46. Let c be v(g). What is the greatest common factor of c and 4?
2
Let x be (2/(-5))/((-1)/10). Calculate the greatest common factor of x and 10.
2
Let b = 15 - 3. Let m = b + -1. What is the highest common divisor of 1 and m?
1
Let r(d) = 2*d**2 - 3*d - 2. Let q be 2*(2 + 2/(-4)). Let j be r(q). What is the greatest common factor of 56 and j?
7
Let d(n) = 3*n**3 + n**2 + 8*n - 4. Let g be d(3). What is the greatest common factor of g and 10?
10
Let z be 2/1*-3*1. Suppose 0 = -5*p - 40. Let h = z - p. Calculate the greatest common factor of h and 16.
2
Suppose -4*l = 14 - 198. What is the greatest common factor of 92 and l?
46
Suppose -g + 4*v - 7 = 0, 3 = -4*g - v - 25. Let h = 16 + g. Let f be (-52)/(-20) - (-2)/5. What is the highest common divisor of f and h?
3
Suppose 23 = 5*p + 8. Suppose 0 = 5*m + 2*i - 67 + 13, -3*m = -i - 39. What is the greatest common factor of p and m?
3
Let l be 6 + -3*8/12. Let w(o) = 4*o. Let h be w(5). Calculate the greatest common factor of h and l.
4
Let n(f) = -f**3 - 9*f**2 - 13*f + 13. Let b be n(-7). Calculate the highest common divisor of 18 and b.
6
Let w be 196 + (-1 - (-2 + -1)). Let o be (-3)/5 - (-279)/15. What is the highest common divisor of o and w?
18
Suppose 4*p = 5*h - 0*p - 331, h - 83 = 5*p. What is the highest common factor of h and 84?
21
Suppose -f = -k + 70, -k + 0*k - 4*f + 70 = 0. Calculate the highest common factor of k and 28.
14
Let y be (-6)/(2 - 32/12). Let g = 14 - y. Suppose -f + k = -6, -2*k + 2 = f - 4*k. Calculate the highest common divisor of f and g.
5
Let j(w) = 18*w**2 + w. Let p be j(-1). Let r be 34 + (-6 + 4 - -2). What is the greatest common factor of r and p?
17
Let q = 0 - -14. Calculate the highest common divisor of q and 112.
14
Let f = 11 - 8. Let v(y) = 13*y + 6. Let n be v(f). Calculate the greatest common divisor of 18 and n.
9
Let l be 36/126 + (-145)/(-7). Let y = 17 + -5. Let t = 2 + y. What is the greatest common factor of t and l?
7
Suppose 8*w + 192 = 12*w. What is the greatest common factor of w and 6?
6
Let r be (216/60)/((-6)/(-100)). What is the greatest common divisor of 30 and r?
30
Suppose 308 = 7*l - 3*l. Suppose -3 + 11 = 2*d. Let p = 11 - d. Calculate the highest common factor of l and p.
7
Suppose -11*s = -10 - 1. Calculate the highest common factor of 8 and s.
1
Let i = 57 + -39. What is the highest common factor of 6 and i?
6
Let b(l) = l**2 + l + 21. Suppose -2*m + 0*a - 3 = a, 9 = -3*a. Let w be b(m). Calculate the highest common factor of w and 168.
21
Let u = 13 + -9. Suppose 5*i - 55 = u*i. What is the highest common factor of 11 and i?
11
Let q = 2 + 2. Calculate the greatest common divisor of q and 16.
4
Suppose -7*g = 4*a - 2*g - 104, -104 = -4*a - 4*g. Let z be 1/(-2)*1/(5/(-130)). Calculate the highest common factor of z and a.
13
Let j = 15 - 10. What is the greatest common factor of j and 25?
5
Let r = 3 + 30. Calculate the greatest common factor of 231 and r.
33
Let q(z) = z - 6. Let m be q(13). What is 